{"id":101,"date":"2014-02-08T10:56:40","date_gmt":"2014-02-08T10:56:40","guid":{"rendered":"http:\/\/hetzenecker-kueken.de\/?page_id=101"},"modified":"2014-02-21T10:06:01","modified_gmt":"2014-02-21T10:06:01","slug":"unsere-gefluegelarten","status":"publish","type":"page","link":"http:\/\/hetzenecker-kueken.de\/?page_id=101","title":{"rendered":"Unsere Gefl\u00fcgelarten"},"content":{"rendered":"<p><strong>Wir ziehen folgende Gefl\u00fcgelarten aus:<\/strong><\/p>\n<ul>\n<li><a title=\"Zweinutzungshuhn\" href=\"http:\/\/hetzenecker-kueken.de\/?page_id=43\">Zweinutzungshuhn Les Bleues<\/a><\/li>\n<li><a title=\"Mastk\u00fcken\" href=\"http:\/\/hetzenecker-kueken.de\/?page_id=49\">Mastk\u00fcken weiss und rot<\/a><\/li>\n<li><a title=\"Enten\" href=\"http:\/\/hetzenecker-kueken.de\/?page_id=53\">Enten<\/a><\/li>\n<li><a title=\"G\u00e4nse\" href=\"http:\/\/hetzenecker-kueken.de\/?page_id=51\">G\u00e4nse<\/a><\/li>\n<li><a title=\"Junghennen\" href=\"http:\/\/hetzenecker-kueken.de\/?page_id=47\">Junghennen<\/a><\/li>\n<li><a title=\"Puten\" href=\"http:\/\/hetzenecker-kueken.de\/?page_id=45\">Puten<\/a><\/li>\n<\/ul>\n<p><a href=\"http:\/\/hetzenecker-kueken.de\/wp-content\/uploads\/2014\/02\/Collage-klein.jpg\"><img loading=\"lazy\" decoding=\"async\" class=\"alignleft size-medium wp-image-124\" alt=\"Collage-klein\" src=\"http:\/\/hetzenecker-kueken.de\/wp-content\/uploads\/2014\/02\/Collage-klein-300x296.jpg\" width=\"300\" height=\"296\" srcset=\"http:\/\/hetzenecker-kueken.de\/wp-content\/uploads\/2014\/02\/Collage-klein-300x296.jpg 300w, http:\/\/hetzenecker-kueken.de\/wp-content\/uploads\/2014\/02\/Collage-klein-50x50.jpg 50w, http:\/\/hetzenecker-kueken.de\/wp-content\/uploads\/2014\/02\/Collage-klein.jpg 486w\" sizes=\"auto, (max-width: 300px) 100vw, 300px\" \/><\/a><\/p>\n<p>&nbsp;<\/p>\n<p>&nbsp;<\/p>\n","protected":false},"excerpt":{"rendered":"<p>Wir ziehen folgende Gefl\u00fcgelarten aus: Zweinutzungshuhn Les Bleues Mastk\u00fcken weiss und rot Enten G\u00e4nse Junghennen Puten &nbsp; &nbsp;<\/p>\n","protected":false},"author":1,"featured_media":0,"parent":0,"menu_order":0,"comment_status":"closed","ping_status":"closed","template":"","meta":{"footnotes":""},"class_list":["post-101","page","type-page","status-publish","hentry"],"_links":{"self":[{"href":"http:\/\/hetzenecker-kueken.de\/index.php?rest_route=\/wp\/v2\/pages\/101","targetHints":{"allow":["GET"]}}],"collection":[{"href":"http:\/\/hetzenecker-kueken.de\/index.php?rest_route=\/wp\/v2\/pages"}],"about":[{"href":"http:\/\/hetzenecker-kueken.de\/index.php?rest_route=\/wp\/v2\/types\/page"}],"author":[{"embeddable":true,"href":"http:\/\/hetzenecker-kueken.de\/index.php?rest_route=\/wp\/v2\/users\/1"}],"replies":[{"embeddable":true,"href":"http:\/\/hetzenecker-kueken.de\/index.php?rest_route=%2Fwp%2Fv2%2Fcomments&post=101"}],"version-history":[{"count":4,"href":"http:\/\/hetzenecker-kueken.de\/index.php?rest_route=\/wp\/v2\/pages\/101\/revisions"}],"predecessor-version":[{"id":125,"href":"http:\/\/hetzenecker-kueken.de\/index.php?rest_route=\/wp\/v2\/pages\/101\/revisions\/125"}],"wp:attachment":[{"href":"http:\/\/hetzenecker-kueken.de\/index.php?rest_route=%2Fwp%2Fv2%2Fmedia&parent=101"}],"curies":[{"name":"wp","href":"https:\/\/api.w.org\/{rel}","templated":true}]}}